 factor of w and 15.
15
Let k = 15 - 13. Suppose 4*l - 4*u = 48, 38 = 3*l - 2*u - k*u. Suppose 3*n - 291 = -4*c, n + n - l = 0. Calculate the highest common factor of c and 23.
23
Let k be 7 - ((-4)/(-4) + 2). Let q(s) = -s**2 - s + 1. Let d be q(k). Let j be (d/3)/(3/(-81)). Calculate the highest common divisor of j and 19.
19
Let q = 257 - 183. What is the greatest common divisor of q and 1184?
74
Let j = -16 + -64. Let t be (704/j)/(2/(-25)). Calculate the greatest common divisor of 10 and t.
10
Suppose -p - 3*l + 7*l = -376, -1944 = -5*p + 4*l. Calculate the highest common divisor of p and 56.
56
Let p be 12/(-12) - -62 - 12. Calculate the highest common factor of 217 and p.
7
Suppose 0 = 86*p - 85*p - 3. What is the greatest common divisor of p and 66?
3
Let o(x) be the second derivative of x**2 + 0 + 1/6*x**3 + 4*x. Let p be o(13). Calculate the highest common divisor of p and 15.
15
Suppose 0 = 4*d + 4*k + 42 - 66, d + 14 = 3*k. Suppose 5*n - 27 = 2*n. What is the highest common factor of n and d?
1
Let k(j) = 6*j - 38. Let y be k(7). Let z be (3/(-2))/(65/20 - y). Let m = 22 + -16. What is the greatest common factor of z and m?
2
Suppose -5*p = -4*g - 456, -3*g - 407 = -4*p - 43. Let w(z) = z**3 - 6*z**2 - 7*z + 22. Let f be w(7). Calculate the highest common factor of p and f.
22
Suppose p + r - 6 - 10 = 0, -2*r + 95 = 5*p. Let u(t) = 49*t**2 - 1. Let v be u(1). Let h = v - 27. What is the greatest common factor of h and p?
21
Let x(t) = -t**2 + 6*t - 3. Let y be x(5). Suppose -c = -2*z + 21, y*z = -3*c + 8 + 17. Let g be 56 - 0/1 - 1. What is the highest common divisor of g and z?
11
Let w(z) = -2 + 15*z**2 + 4*z**2 - 4*z**2 + 29*z - 31*z. Let l be w(-1). Calculate the greatest common factor of l and 120.
15
Let y(d) = 34*d**2 + 18*d - 12. Let q be y(-13). Calculate the highest common divisor of 100 and q.
100
Suppose -7*x - s = -4*x - 76, 5*s = 2*x - 45. What is the highest common factor of 135 and x?
5
Suppose 33*f = 80*f - 141. Let h = 63 + -45. Let s = f + h. What is the greatest common factor of s and 84?
21
Suppose 9*b - 1942 = 2324. What is the highest common factor of b and 18?
6
Let l(d) = d**3 - 6*d**2 - 6*d - 5. Let z = -65 - -74. Let k be l(z). Calculate the greatest common divisor of k and 23.
23
Suppose 15*g - 578 - 322 = 0. What is the greatest common factor of 620 and g?
20
Let a be 1156/(-102)*(-3)/2. What is the highest common divisor of a and 629?
17
Let d = 1013 + -859. Suppose -7 + 1 = -3*r. Suppose -4*y = -y + t - 39, r*y = -4*t + 16. What is the highest common factor of d and y?
14
Let z(a) = a**2 - 3*a - 88. Let s be z(0). Let k = s - -104. Calculate the greatest common divisor of 16 and k.
16
Suppose 112 - 4 = 2*s + 3*c, -s + 3*c + 63 = 0. Let k(f) = s*f + 2 - 4 - 19*f. Let v be k(1). Calculate the greatest common factor of v and 9.
9
Let n(v) = 21*v**3 - v. Let y be n(1). Let h be (172/10)/2 + 21/(-35). Calculate the highest common factor of h and y.
4
Suppose -182 + 832 = 50*v. Calculate the greatest common divisor of 7 and v.
1
Suppose 0 = -2462*u + 2450*u + 96. Suppose c = 4*h - 6*h + 37, 0 = 4*c + 12. What is the greatest common factor of u and h?
4
Suppose -30 = 4*b - 14*b. Suppose l = t - 3, 6*t = 4*l + t + 17. Calculate the greatest common divisor of l and b.
1
Let z(s) = -10*s**3 + 13*s**2 + 38*s - 3. Let w be z(-3). What is the greatest common factor of 324 and w?
54
Suppose 180 = 3*a + 3*q, 0*a - 3*q - 210 = -3*a. Suppose a + 35 = 5*n. Suppose 236 - n = 4*k. What is the greatest common factor of k and 81?
27
Let h(m) = -m**3 + 3*m**2 + 14*m - 17. Let b be h(3). Let y(n) = -n**3 + 6*n**2 + 5. Let q be y(6). What is the greatest common divisor of q and b?
5
Let b be (-112)/(-6)*828/483. Calculate the greatest common factor of b and 16.
16
Let m be -7*(4 - (-110)/(-35)). Let w be 1*2/(m/(-75)). Let k be 5*(555/w + -3). What is the greatest common divisor of k and 12?
12
Let v(q) = 2*q - 9. Let s be v(6). Calculate the highest common divisor of s and 147.
3
Suppose -4*r = m - 268, 9*r = 7*r - 2*m + 140. Calculate the greatest common divisor of r and 12.
6
Suppose 3*r = 4*r. Suppose 0 = 4*b + h - 22, -b + 3*b - h - 14 = r. What is the highest common divisor of b and 48?
6
Suppose -4 - 24 = -2*b. What is the highest common divisor of b and 322?
14
Let a be ((-526)/(-3))/(21/63). Suppose 5*l = -5*n + 4*n + 137, -4*n + a = -2*l. What is the highest common factor of n and 66?
66
Suppose 5*l - 15 = -2*c + 6*l, 0 = -c + 4*l - 10. Suppose -30 + 230 = 5*a. Calculate the greatest common factor of a and c.
10
Let x(n) = n**2 - 7*n + 6. Let k be x(6). Suppose k = 2*o - 33 - 11. What is the greatest common factor of 176 and o?
22
Let b(s) = 2*s**2 - 4*s + 12. Let m(z) = -z - 16. Let x be m(-10). Let k be b(x). What is the greatest common factor of 12 and k?
12
Suppose 0 = -5*d + 2 - 27. Let u be ((-2)/d)/(3/240). What is the greatest common divisor of 8 and u?
8
Let h be (3/(-6) + 3/2)*3. Suppose h*y - 2*r - 7 = 0, 4*y + y - 20 = -5*r. What is the highest common factor of y and 33?
3
Let q be -101 + (4 - (-2 + 1)). Let k be (q/14)/(18/(-63)). Calculate the greatest common factor of k and 4.
4
Suppose -3*s + 49*z = 52*z - 30, -3*s = 5*z - 40. Calculate the highest common divisor of s and 115.
5
Suppose 4*m + 2*k = -3*k - 105, -9 = -3*k. Let i = m + 54. Suppose -5*u + 142 = -38. What is the greatest common factor of u and i?
12
Suppose -5*l - 7 = -27, 0 = 4*z - 4*l - 524. Let r(x) = -15*x - 3. Let s be r(-2). Calculate the greatest common divisor of s and z.
27
Let c(j) = 20*j**2 + j. Let u be c(1). Let z(a) = -14*a. Let t(v) = -9*v - 39. Let x be t(-4). Let b be z(x). Calculate the highest common divisor of u and b.
21
Suppose -2*q + 2*j + 2078 = 0, 11*q + 1041 = 12*q + j. What is the greatest common factor of q and 13?
13
Suppose -5*a + 120 = -5*f, -8*a + 5*f = -5*a - 72. Calculate the highest common divisor of 1152 and a.
24
Suppose 3*p + 2*p + 4*d - 16 = 0, -4*p - 3*d + 12 = 0. Suppose 152 = 8*m - p*m. What is the greatest common factor of m and 152?
19
Let g(z) = -z**2 + 12*z + 18. Let c be g(13). Let w(q) = 2*q**2 + 47*q - 14. Let y be w(-24). What is the highest common divisor of c and y?
5
Suppose -22*w + 870 = -15*w - 4*a, -5*a = 5*w - 590. What is the highest common divisor of w and 6?
2
Let h(b) = -8 - 8 + 16 - 5*b - b**2. Let g be h(-4). Calculate the greatest common divisor of g and 44.
4
Suppose 6*h = -2*h + 40. Suppose 8 - 23 = -h*l. Calculate the highest common divisor of 12 and l.
3
Let b(a) = 2*a**2 - a - 38. Let g be b(-5). Calculate the greatest common divisor of g and 1326.
17
Let y be -18*5/(-15) - -198. Calculate the highest common factor of y and 51.
51
Let u = 148 - 28. Let y be u/90*18/4. Calculate the greatest common factor of y and 21.
3
Suppose 0 = -3*n - 15, 37 = -3*z - 4*n - 1. Let v be 4 + z/2 - 59. Let p = -33 - v. What is the greatest common factor of 10 and p?
5
Let u(j) = j**2 - 33*j - 508. Let r be u(46). Calculate the greatest common factor of r and 75.
15
Let b = 1496 + -1336. Calculate the highest common divisor of b and 10.
10
Suppose 2704 = -837*o + 850*o. Calculate the greatest common divisor of o and 48.
16
Let z(w) = w + 9. Let r be z(-5). Suppose 12 = -r*a - 60. Let s = -6 - a. What is the greatest common factor of 6 and s?
6
Suppose -5*w + t + 114 = 0, 5*t - 3*t - 2 = 0. Let v(n) = 18*n**2 - n + 2. Let g be (-4)/2 + 5*1. Let s be v(g). Calculate the highest common factor of w and s.
23
Let n be (-12)/(-2) - -4 - (1 - -4). What is the highest common divisor of n and 85?
5
Suppose 0*p + 3*p - 30 = 0. Suppose 2*k + 84 = 4*w, 5*w + 2*k - 109 = -13. Calculate the greatest common divisor of w and p.
10
Let z be 3*3/(-2)*-6. Let h = 29 - 2. Suppose 4*q - 5*q = -h. Calculate the greatest common divisor of q and z.
27
Let a = 257 - 127. Calculate the highest common factor of 30 and a.
10
Let g(x) = -54*x + 854. Let a be g(-10). Calculate the highest common divisor of a and 41.
41
Let g(f) = f**3 - 7*f**2 + 2*f - 4. Let l be g(7). Suppose 0 = -l*r + 4*r + 486. What is the greatest common factor of 9 and r?
9
Let h be (0 + -96)*4/(-6) + 4. Suppose -i + 20 = -h. Let b(x) = 12*x**2 - x. Let z be b(1). Calculate the greatest common divisor of z and i.
11
Suppose -3*s + 6*s = 300.